nd 696.
24
What is the greatest common factor of 54 and 438?
6
What is the highest common factor of 208 and 16?
16
What is the highest common divisor of 3353 and 7?
7
Calculate the highest common factor of 41 and 164.
41
What is the highest common factor of 1209 and 26?
13
Calculate the greatest common factor of 2538 and 234.
18
Calculate the greatest common divisor of 720 and 2925.
45
Calculate the highest common factor of 26 and 2.
2
Calculate the highest common factor of 328 and 41.
41
What is the greatest common divisor of 426 and 2272?
142
What is the greatest common factor of 21 and 609?
21
What is the highest common factor of 976 and 32?
16
Calculate the greatest common factor of 576 and 63.
9
What is the highest common factor of 224 and 2184?
56
Calculate the greatest common divisor of 14 and 10262.
14
What is the highest common factor of 25 and 425?
25
What is the greatest common divisor of 3036 and 4?
4
What is the greatest common divisor of 639 and 9?
9
What is the greatest common factor of 23 and 5819?
23
Calculate the highest common divisor of 238 and 63.
7
What is the highest common factor of 60 and 108?
12
Calculate the highest common factor of 8 and 88.
8
What is the greatest common divisor of 214 and 1177?
107
Calculate the greatest common factor of 7725 and 100.
25
Calculate the highest common factor of 228 and 60.
12
What is the greatest common factor of 196 and 168?
28
Calculate the highest common divisor of 10 and 2070.
10
What is the highest common factor of 5074 and 86?
86
Calculate the highest common factor of 185 and 37.
37
Calculate the greatest common divisor of 3268 and 760.
76
Calculate the greatest common factor of 21160 and 120.
40
What is the greatest common divisor of 5 and 7435?
5
What is the greatest common factor of 13 and 39?
13
What is the greatest common divisor of 21 and 1113?
21
What is the highest common divisor of 300 and 10260?
60
What is the highest common factor of 1160 and 120?
40
What is the highest common factor of 13 and 5083?
13
What is the greatest common factor of 56 and 44856?
56
What is the highest common factor of 319 and 29?
29
What is the greatest common divisor of 9232 and 16?
16
What is the greatest common factor of 1572 and 168?
12
What is the greatest common divisor of 106 and 7738?
106
Calculate the greatest common factor of 576 and 3.
3
What is the highest common divisor of 7 and 259?
7
What is the greatest common factor of 97 and 34241?
97
What is the highest common factor of 4508 and 1274?
98
Calculate the highest common factor of 17526 and 276.
138
Calculate the greatest common divisor of 150 and 125.
25
What is the greatest common factor of 8608 and 96?
32
Calculate the greatest common factor of 228 and 855.
57
Calculate the highest common divisor of 135 and 120.
15
Calculate the highest common factor of 12787 and 19.
19
What is the highest common factor of 342 and 855?
171
What is the highest common factor of 513 and 38?
19
What is the highest common factor of 37703 and 37?
37
Calculate the greatest common divisor of 3840 and 12.
12
What is the greatest common divisor of 204 and 36?
12
What is the highest common divisor of 343 and 7?
7
Calculate the highest common divisor of 780 and 120.
60
What is the greatest common divisor of 414 and 144?
18
Calculate the highest common factor of 150 and 24.
6
What is the highest common divisor of 11 and 187?
11
Calculate the highest common divisor of 9142 and 28.
14
Calculate the greatest common factor of 36031 and 263.
263
What is the greatest common divisor of 3388 and 2299?
121
What is the greatest common divisor of 33 and 1353?
33
What is the highest common divisor of 26752 and 38?
38
What is the greatest common divisor of 300 and 660?
60
What is the highest common factor of 4590 and 27?
27
Calculate the greatest common factor of 7198 and 244.
122
Calculate the greatest common divisor of 224 and 6608.
112
Calculate the highest common divisor of 665 and 19.
19
What is the greatest common factor of 32 and 376?
8
What is the highest common factor of 1856 and 384?
64
What is the highest common factor of 432 and 48?
48
What is the greatest common divisor of 8809 and 23?
23
Calculate the highest common divisor of 28 and 1218.
14
Calculate the greatest common factor of 388 and 12.
4
Calculate the greatest common divisor of 22 and 165.
11
What is the highest common factor of 66 and 363?
33
Calculate the highest common factor of 441 and 252.
63
Calculate the highest common factor of 268 and 402.
134
What is the greatest common divisor of 171 and 8037?
171
Calculate the highest common divisor of 2392 and 26.
26
What is the highest common factor of 1200 and 75?
75
What is the highest common factor of 372 and 36?
12
Calculate the highest common factor of 8976 and 714.
102
What is the greatest common divisor of 72 and 252?
36
Calculate the highest common factor of 1332 and 36.
36
Calculate the highest common factor of 7506 and 54.
54
What is the highest common divisor of 65 and 1937?
13
What is the highest common factor of 14 and 6?
2
What is the highest common factor of 306 and 36?
18
Calculate the greatest common factor of 51 and 9197.
17
What is the highest common divisor of 1048 and 8?
8
Calculate the highest common divisor of 27 and 1431.
27
Calculate the greatest common divisor of 1280 and 368.
16
What is the highest common divisor of 38 and 475?
19
What is the greatest common factor of 1072 and 16?
16
Calculate the highest common divisor of 30 and 40.
10
What is the highest common divisor of 6769 and 7?
7
What is the highest common divisor of 333 and 9?
9
What is the highest common divisor of 72 and 1668?
12
What is the greatest common factor of 533 and 26?
13
What is the highest common factor of 3759 and 21?
21
What is the highest common factor of 4 and 26?
2
What is the greatest common divisor of 320 and 256?
64
Calculate the highest common divisor of 456 and 156.
12
What is the highest common divisor of 1086 and 4?
2
Calculate the greatest common divisor of 44 and 12.
4
Calculate the greatest common divisor of 66 and 33.
33
What is the highest common divisor of 22 and 407?
11
What is the highest common factor of 216 and 1323?
27
Calculate the highest common factor of 9167 and 89.
89
Calculate the greatest common factor of 12 and 444.
12
What is the greatest common factor of 184 and 115?
23
Calculate the highest common divisor of 212 and 106.
106
Calculate the highest common divisor of 391 and 414.
23
Calculate the greatest common factor of 116 and 29696.
116
Calculate the greatest common divisor of 1804 and 308.
44
Calculate the highest common factor of 5 and 235.
5
What is the highest common factor of 14584 and 24?
8
Calculate the greatest common divisor of 9 and 67.
1
Calculate the greatest common divisor of 65 and 117.
13
Calculate the highest common divisor of 10 and 65.
5
Calculate the greatest common divisor of 11 and 803.
11
Calculate the greatest common factor of 40 and 930.
10
Calculate the highest common factor of 10935 and 45.
45
What is the highest common factor of 36 and 3852?
36
Calculate the greatest common divisor of 18 and 279.
9
Calculate the highest common factor of 399 and 285.
57
What is the highest common factor of 198 and 261?
9
Calculate the highest common divisor of 75 and 325.
25
What is the highest common divisor of 261 and 9?
9
What is the highest common divisor of 35 and 847?
7
Calculate the highest common factor of 451 and 44.
11
Calculate the highest common divisor of 500 and 3375.
125
Calculate the greatest common factor of 108 and 8046.
54
Calculate the highest common divisor of 548 and 4.
4
What is the highest common divisor of 21 and 33999?
21
Calculate the highest common factor of 2 and 547.
1
What is the greatest common factor of 462 and 63?
21
What is the highest common factor of 78 and 138?
6
What is the highest common divisor of 13 and 22477?
13
Calculate the highest common divisor of 8 and 2148.
4
What is the greatest common factor of 259 and 301?
7
Calculate the greatest common divisor of 299 and 195.
13
What is the greatest common factor of 195 and 4602?
39
Calculate the highest common divisor of 4843 and 58.
29
Calculate the greatest common divisor of 289 and 34.
17
Calculate the highest c